-8)). What is the highest common factor of 12 and k?
12
Suppose 3*p - 11 = 2*c, p - 3 + 1 = -c. Suppose p*t + 16 - 79 = 0. Suppose 2*q - 29 + t = 0. Calculate the highest common divisor of 2 and q.
2
Let j be (((-20)/(-14))/(736/644))/(4/4160). Calculate the greatest common factor of 50 and j.
50
Let d be 963 - (-12)/(-6) - 2. What is the greatest common divisor of 137 and d?
137
Suppose 0 = -5*c + 2*l + 522, -12*c + 309 = -9*c + 3*l. Calculate the highest common divisor of 1196 and c.
52
Suppose 4*a = -6*a + 90. Suppose -a*y = -94 - 374. Calculate the highest common factor of 39 and y.
13
Let n(t) = -5 - 39*t - 29 - 99. Let z be n(-7). What is the greatest common divisor of z and 28?
28
Suppose -5537 = 830*s - 22137. What is the highest common factor of 8660 and s?
20
Let p(z) = -24*z + 9. Let n be p(-11). Let w be ((-432)/(-126))/(6/n). What is the greatest common factor of w and 36?
12
Let j be 325/15 + 6/(-9). Let f = 79 + -51. Calculate the greatest common factor of f and j.
7
Let g be 0 - -2 - (13 - 27064/17). Calculate the greatest common factor of g and 357.
51
Suppose 3*z - 2*h - 706 = 294, -4*z - h = -1348. What is the greatest common divisor of 16 and z?
16
Let j(t) = 22*t - 279. Let w be j(7). Let o be 0 + (-2 - (w + 6)) + -2. Calculate the greatest common factor of 46 and o.
23
Let d(o) = o**3 + 7*o**2 + 13*o + 51. Let u be d(-6). Let v(f) = -f**2 + 10*f + 2. Let j be v(8). What is the greatest common factor of j and u?
9
Suppose -y - 4*k = -469, -13*y = -15*y + 2*k + 958. Let t = y - 378. What is the highest common divisor of t and 9?
9
Let o be 11*5*(-24)/(-60). Let v be (-27)/(-2) + (-11)/o. Let f = 1954 - 1902. Calculate the greatest common divisor of v and f.
13
Let a be (26/(-6))/((-5)/2115). Let v = a + -1770. Let s = 63 + -42. What is the greatest common divisor of s and v?
21
Suppose 2*u + 31 = 5*h, -5*u + 3*u = -h + 3. Let x = -51 + 55. Suppose -v = -x*v + 357. Calculate the greatest common divisor of h and v.
7
Let i(o) = 359*o - 3109. Let r be i(11). Calculate the greatest common divisor of r and 80.
40
Let s = -5 + 19. Suppose 4*g = m + m + s, -m = 2*g - 13. Suppose -3*t + 190 - 52 = m*b, -5*t - 120 = -2*b. Calculate the highest common factor of 125 and b.
25
Suppose -5*d = 5*x - 1350, 2*d - 5*x - 562 = -1. What is the highest common divisor of 1404 and d?
39
Let b = 21443 + -21195. Calculate the highest common divisor of b and 93.
31
Suppose -t = 4*m - 156, -3*t + 79 + 405 = 4*m. Suppose -4*k + 2*h = -t, -48 = -k - 6*h + 3*h. What is the highest common factor of 294 and k?
42
Let i(q) = q**3 - 5*q**2 + 9*q - 32. Let f be i(5). Suppose f*g + 28 = 223. Calculate the greatest common divisor of g and 120.
15
Suppose 0 = -23*l + 67*l - 45056. Calculate the highest common divisor of 104 and l.
8
Let u = 163 + -154. Let v(d) = d**2 + 6*d + 6. Suppose 4 = s, -21 = l - s - 3*s. Let j be v(l). What is the highest common divisor of j and u?
1
Suppose 11077 - 11383 = -3*w. Let j(l) = 2*l**2 + 11*l + 22. Let x be j(-9). Calculate the greatest common divisor of x and w.
17
Let k be (-1935)/6*((-65)/3 - -11). Calculate the greatest common divisor of k and 20.
20
Let g = -123 + 239. Suppose -3*f + 100 = -g. Let j = f - 63. Calculate the greatest common factor of 27 and j.
9
Suppose -2*f + 76 = -6*f. Let o = -17 - f. Let x be ((-7 - -3) + o)*-4. Calculate the highest common factor of x and 20.
4
Let t = 183 + -184. Let q be (t + 28)/(27/288). Let c be (27/(-2))/((-15)/40). Calculate the highest common divisor of q and c.
36
Suppose 3*a + a = 2856. Let q be (114/95)/(6/(-2445)). Let o = q + a. What is the highest common divisor of o and 25?
25
Let p(v) = v**2 + 5*v + 8. Let m be p(-3). Suppose 2*k - 28 = -2*x, -m*x - k - 33 = -57. Calculate the highest common factor of x and 160.
10
Let g be ((-30)/(-12) - 4 - (-5181)/(-18))*-3. What is the highest common factor of g and 12?
4
Let q(y) = 7*y - 51. Let j be q(7). Let d(b) = 13*b**2 - 6. Let g be d(j). Calculate the greatest common divisor of 46 and g.
46
Let p(l) = -455*l - 3969. Let q be p(-9). Calculate the greatest common factor of 72 and q.
18
Let o = -2716 + 2724. What is the greatest common divisor of o and 92?
4
Let w = 12 - -3. Let a = -460 - -451. Let m(z) = z**3 + 9*z**2 + 5*z + 60. Let t be m(a). What is the highest common divisor of w and t?
15
Let a = 83 - 83. Suppose 5*q - 3*q - 116 = a. Suppose -3*t - 54 = -3*f - 2*f, 5*t = -4*f + q. What is the highest common divisor of 30 and f?
6
Let d = -9105 - -9225. What is the greatest common factor of d and 3060?
60
Let l(q) = q**3 - 4*q**2 + q + 7. Let y be l(3). Let b(a) = 8*a**2 - 12*a - 3*a**2 - 6 + y. Let t be b(5). What is the highest common factor of t and 12?
12
Suppose -7*g = -103 - 653. Suppose -559 = -3*m + 2*u, 0 = 6*m - 9*m - 3*u + 579. What is the greatest common factor of g and m?
27
Let o(j) = 471*j - 435. Let q be o(8). Calculate the greatest common divisor of q and 627.
33
Let a(y) = -y**3 + 22*y**2 + 108*y - 100. Let i be a(26). Let m = 11 + -7. Calculate the greatest common divisor of i and m.
4
Let d = -469 - -901. Let x be ((-54)/15)/((-9)/45). Calculate the greatest common factor of x and d.
18
Let h(q) = 10*q**3 - 12*q**2 - 124*q + 90. Let p be h(14). Calculate the highest common factor of p and 6.
6
Let d = 9414 + -5298. What is the highest common divisor of d and 12?
12
Suppose 0 = -4*m + 29 + 91. Let k be (2 + 0)/((4 - (15 - 12))*1). Calculate the highest common divisor of k and m.
2
Suppose -x + z + 6747 = -z, z = -4*x + 27042. Calculate the greatest common divisor of 9 and x.
9
Suppose 0*u = -2*h + 4*u + 188, -u = 5. Let m be (-5610)/(-425) - (-6)/(-5). Calculate the greatest common divisor of h and m.
12
Let r(x) = 26*x + 49. Let h be r(4). Calculate the highest common factor of h and 288.
9
Suppose 32*o + 226 - 2210 = 0. What is the highest common divisor of o and 36983?
31
Let k(v) = 5*v**2 - 539*v + 480. Let g be k(107). What is the highest common divisor of 1118 and g?
26
Let n(j) = -j**3 - 4*j**2 + 10*j + 1. Let g be n(2). Let h = g + 801. Calculate the greatest common factor of 42 and h.
42
Let o(m) = 2*m**3 + 4*m - 2. Let j be o(3). Suppose 0 = 19*n - 32*n + 364. Suppose 0*c = n*c - 224. Calculate the highest common divisor of j and c.
8
Let d be (-9830 - 16)/(-18) - 16. Calculate the greatest common factor of 117 and d.
9
Let m be ((-6)/10)/3 - ((-3366)/55 + -11). Calculate the highest common factor of m and 4734.
18
Let l = 29 - -35. What is the highest common factor of l and 2?
2
Let y(z) = -118*z + 1020. Let l be y(-5). What is the highest common divisor of l and 1495?
115
Let p be 1674/135 + -2 + (-24)/(-15). What is the greatest common divisor of 147 and p?
3
Let r be (69 - 3)/(-6) - 1/1. Let h = r - -21. Suppose -3*j = -3*c + 33, -h*c + 3*j - 39 = -12*c. Calculate the highest common divisor of c and 4.
4
Suppose 2*k - 921 = 3*l + 2409, 1680 = k - 4*l. Calculate the greatest common divisor of 99 and k.
9
Let w = 1711 - 177. What is the highest common factor of 26 and w?
26
Let q = -555 - -550. Let h be (-28)/5*q/2. What is the greatest common divisor of h and 6?
2
Let w(y) = -y**3 - 7*y**2 - y + 3. Let d be w(-7). Suppose -9*v + d*v + 2 = 0. Let q be -2 - 8/v - -350. What is the greatest common divisor of 44 and q?
44
Suppose 0 = -2*r - 10, 85 = 5*k - 2*k - 2*r. Suppose k*y + 7740 = 45*y. Calculate the greatest common factor of 9 and y.
9
Suppose -369*t + 4*b - 4428 = -370*t, -2*t + 5*b = -8973. What is the highest common divisor of 155 and t?
31
Suppose -4*u - 958 = -5*k, -4*k + 5*u - 2*u = -767. Let h(m) = -26*m - 256. Let c be h(-15). Let d = k - c. What is the greatest common divisor of d and 90?
30
Suppose 1085*h = 1204*h - 1666. What is the greatest common divisor of h and 9422?
14
Let i be (33/6)/11 - 19/(-2). Suppose 4*o = 0, -13*o + i*o + 136 = 4*x. Calculate the greatest common divisor of 238 and x.
34
Suppose 38*k = 146*k - 240516. What is the highest common factor of k and 2751?
131
Suppose -2*z - 3*d = 456, 10*z + 2*d + 1162 = 5*z. Let t be 9/(-5) + 2 - z/130. What is the greatest common factor of t and 6?
2
Suppose 3*u - 406 = -4*l - 39, -u - l = -123. What is the highest common divisor of u and 100?
25
Suppose 104*x = 5896 + 11160. Calculate the greatest common diviso